{"id":1642,"date":"2021-04-30T00:20:47","date_gmt":"2021-04-29T22:20:47","guid":{"rendered":"http:\/\/www.rc-evenements.com\/?page_id=1642"},"modified":"2021-08-31T12:36:31","modified_gmt":"2021-08-31T10:36:31","slug":"mentions-legales-politique-de-confidentialite","status":"publish","type":"page","link":"https:\/\/www.rc-evenements.com\/?page_id=1642","title":{"rendered":"Mentions l\u00e9gales &#038; politique de confidentialit\u00e9"},"content":{"rendered":"\t\t<div data-elementor-type=\"wp-page\" data-elementor-id=\"1642\" class=\"elementor elementor-1642\">\n\t\t\t\t\t\t<section class=\"elementor-section elementor-top-section elementor-element elementor-element-a0a4292 elementor-section-full_width elementor-section-height-min-height elementor-section-content-middle elementor-section-height-default elementor-section-items-middle\" data-id=\"a0a4292\" data-element_type=\"section\" data-e-type=\"section\" data-settings=\"{&quot;background_background&quot;:&quot;classic&quot;}\">\n\t\t\t\t\t\t<div class=\"elementor-container elementor-column-gap-default\">\n\t\t\t\t\t<div class=\"elementor-column elementor-col-100 elementor-top-column elementor-element elementor-element-6419aad\" data-id=\"6419aad\" data-element_type=\"column\" data-e-type=\"column\">\n\t\t\t<div class=\"elementor-widget-wrap\">\n\t\t\t\t\t\t\t<\/div>\n\t\t<\/div>\n\t\t\t\t\t<\/div>\n\t\t<\/section>\n\t\t\t\t<section class=\"elementor-section elementor-top-section elementor-element elementor-element-841e957 elementor-section-height-min-height elementor-section-items-top elementor-section-boxed elementor-section-height-default\" data-id=\"841e957\" data-element_type=\"section\" data-e-type=\"section\" data-settings=\"{&quot;background_background&quot;:&quot;classic&quot;}\">\n\t\t\t\t\t\t<div class=\"elementor-container elementor-column-gap-default\">\n\t\t\t\t\t<div class=\"elementor-column elementor-col-100 elementor-top-column elementor-element elementor-element-4b54e81\" data-id=\"4b54e81\" data-element_type=\"column\" data-e-type=\"column\">\n\t\t\t<div class=\"elementor-widget-wrap elementor-element-populated\">\n\t\t\t\t\t\t<div class=\"elementor-element elementor-element-5481aa4 animated-slow elementor-invisible elementor-widget elementor-widget-heading\" data-id=\"5481aa4\" data-element_type=\"widget\" data-e-type=\"widget\" data-settings=\"{&quot;_animation&quot;:&quot;fadeInRight&quot;}\" data-widget_type=\"heading.default\">\n\t\t\t\t\t<h1 class=\"elementor-heading-title elementor-size-default\">MENTIONS L\u00c9GALES<\/h1>\t\t\t\t<\/div>\n\t\t\t\t<div class=\"elementor-element elementor-element-2317c62 animated-slow elementor-invisible elementor-widget elementor-widget-heading\" data-id=\"2317c62\" data-element_type=\"widget\" data-e-type=\"widget\" data-settings=\"{&quot;_animation&quot;:&quot;fadeInRight&quot;}\" data-widget_type=\"heading.default\">\n\t\t\t\t\t<h1 class=\"elementor-heading-title elementor-size-default\">&amp; POLITIQUE DE CONFIDENTIALIT\u00c9<\/h1>\t\t\t\t<\/div>\n\t\t\t\t<div class=\"elementor-element elementor-element-1fd74b6 elementor-widget elementor-widget-spacer\" data-id=\"1fd74b6\" data-element_type=\"widget\" data-e-type=\"widget\" data-widget_type=\"spacer.default\">\n\t\t\t\t\t\t\t<div class=\"elementor-spacer\">\n\t\t\t<div class=\"elementor-spacer-inner\"><\/div>\n\t\t<\/div>\n\t\t\t\t\t\t<\/div>\n\t\t\t\t<div class=\"elementor-element elementor-element-e253a76 elementor-widget elementor-widget-spacer\" data-id=\"e253a76\" data-element_type=\"widget\" data-e-type=\"widget\" data-widget_type=\"spacer.default\">\n\t\t\t\t\t\t\t<div class=\"elementor-spacer\">\n\t\t\t<div class=\"elementor-spacer-inner\"><\/div>\n\t\t<\/div>\n\t\t\t\t\t\t<\/div>\n\t\t\t\t\t<\/div>\n\t\t<\/div>\n\t\t\t\t\t<\/div>\n\t\t<\/section>\n\t\t\t\t<section class=\"elementor-section elementor-top-section elementor-element elementor-element-79b4ea2 elementor-section-boxed elementor-section-height-default elementor-section-height-default\" data-id=\"79b4ea2\" data-element_type=\"section\" data-e-type=\"section\">\n\t\t\t\t\t\t<div class=\"elementor-container elementor-column-gap-default\">\n\t\t\t\t\t<div class=\"elementor-column elementor-col-100 elementor-top-column elementor-element elementor-element-651c110\" data-id=\"651c110\" data-element_type=\"column\" data-e-type=\"column\">\n\t\t\t<div class=\"elementor-widget-wrap elementor-element-populated\">\n\t\t\t\t\t\t<div class=\"elementor-element elementor-element-57022d2 elementor-widget elementor-widget-heading\" data-id=\"57022d2\" data-element_type=\"widget\" data-e-type=\"widget\" data-widget_type=\"heading.default\">\n\t\t\t\t\t<h2 class=\"elementor-heading-title elementor-size-default\">Mentions l\u00e9gales<\/h2>\t\t\t\t<\/div>\n\t\t\t\t<div class=\"elementor-element elementor-element-3980f0d elementor-widget elementor-widget-text-editor\" data-id=\"3980f0d\" data-element_type=\"widget\" data-e-type=\"widget\" data-widget_type=\"text-editor.default\">\n\t\t\t\t\t\t\t\t\t<p><strong>R\u00e9ception cr\u00e9ation \u00e9v\u00e8nements\u00a0<\/strong><\/p><p>SASU R\u00e9ception cr\u00e9ation<\/p><p>Si\u00e8ge social et logistique : 103 rue de la Jarnigarni\u00e8re 44115 Basse-Goulaine<\/p><p><strong>SIRET<\/strong> : 489 801 613 RCS NANTES\u00a0<\/p><p><strong>APE<\/strong> : 5621Z<\/p><p>\u00a0<\/p>\t\t\t\t\t\t\t\t<\/div>\n\t\t\t\t<div class=\"elementor-element elementor-element-dc66f82 elementor-widget elementor-widget-text-editor\" data-id=\"dc66f82\" data-element_type=\"widget\" data-e-type=\"widget\" data-widget_type=\"text-editor.default\">\n\t\t\t\t\t\t\t\t\t<p><strong>Cr\u00e9ation de site :<\/strong> Rc \u00e9v\u00e8nements\u00a0<\/p><p><strong>H\u00e9bergeur :<\/strong> Domwest\u00a0<\/p><p><span style=\"font-style: inherit;\"><strong>Responsable \u00e9ditorial :<\/strong> Jonathan Blanchard\u00a0<\/span><\/p><p><strong>Droit de reproduction :<\/strong>\u00a0Ce site web est une oeuvre prot\u00e9g\u00e9e et est soumis \u00e0 la l\u00e9gislation fran\u00e7aise et internationale en vigueur, sur le droit d&rsquo;auteur et la propri\u00e9t\u00e9 intellectuelle. Tous droits de reproduction r\u00e9serv\u00e9s, y compris repr\u00e9sentations photographiques.\u00a0<\/p><p>La reproduction de ce site est strictement interdite.<\/p><p>La violation de l\u2019un des droits d\u2019auteur de l\u2019oeuvre est un d\u00e9lit de contrefa\u00e7on passible, aux termes de l\u2019article l.335-2 du code de la propri\u00e9t\u00e9 intellectuelle, de 2 ans d\u2019emprisonnement et de 152 450 Euros d\u2019amende.<\/p><p><strong>Contenu du site :\u00a0<\/strong><\/p><p>Cr\u00e9dit photos \/ Personnel et professionnel \/ \u00a0photographe : Alis B.-Photography<\/p><p>Les photos publi\u00e9es sur ce site sont la propri\u00e9t\u00e9s de RC \u00e9v\u00e8nements. Ces photos ne sont pas contractuelles, et peuvent \u00eatre modifi\u00e9s selon les saisons et les inspirations de notre chef. \u00a0Nos photos sont compos\u00e9es de prises de vues en interne (personnels ou photographe) mais \u00e9galement de photos libres de droits provenant du site Unsplash.<\/p><p>Rc \u00e9v\u00e8nements se r\u00e9serve le droit de modifier son contenu ou de le mettre \u00e0 jour sans pr\u00e9avis et ne correspond en aucun cas \u00e0 un engagement contractuel.\u00a0<\/p>\t\t\t\t\t\t\t\t<\/div>\n\t\t\t\t<div class=\"elementor-element elementor-element-d665765 elementor-widget elementor-widget-heading\" data-id=\"d665765\" data-element_type=\"widget\" data-e-type=\"widget\" data-widget_type=\"heading.default\">\n\t\t\t\t\t<h2 class=\"elementor-heading-title elementor-size-default\">Politique de confidentialit\u00e9<\/h2>\t\t\t\t<\/div>\n\t\t\t\t<div class=\"elementor-element elementor-element-c55bcc1 elementor-widget elementor-widget-text-editor\" data-id=\"c55bcc1\" data-element_type=\"widget\" data-e-type=\"widget\" data-widget_type=\"text-editor.default\">\n\t\t\t\t\t\t\t\t\t<p>L&rsquo;utilisation de ce site, vous am\u00e8ne \u00e0 nous transmettre des informations, dont certaines sont de nature \u00e0 vous identifier et constituent de ce fait des donn\u00e9es \u00e0 caract\u00e8res personnels. Elles sont utilis\u00e9es afin de :\u00a0<\/p><ul><li>R\u00e9pondre \u00e0 vos demandes de renseignements (Demande de devis, demande de carte, demande d&rsquo;informations, demande de contact commercial\u2026)<\/li><li><span style=\"font-size: 16px;\">Assurer le bon fonctionnement du site, sa s\u00e9curit\u00e9, \u00e9laborer des statistiques permettant l\u2019analyse de fr\u00e9quentation dudit site.<\/span><\/li><\/ul><p>L\u2019utilisateur est inform\u00e9 que lors de ses visites sur le Site <b>www.rc-evenements.com<\/b>, un cookie peut s\u2019installer automatiquement sur son logiciel de navigation.<\/p><p>Les informations recueillies sur ce site seront conserv\u00e9es pendant une dur\u00e9e de trois ans.<\/p><p>Le cookie est un bloc de donn\u00e9es qui ne permet pas d\u2019identifier les utilisateurs mais sert \u00e0 enregistrer des informations relatives \u00e0 la navigation de celui-ci sur le site. Le param\u00e9trage du logiciel de navigation permet d\u2019informer de la pr\u00e9sence de cookie et \u00e9ventuellement, de la refuser de la mani\u00e8re d\u00e9crite \u00e0 l\u2019adresse suivante www.cnil.fr.<\/p><p>L\u2019utilisateur dispose d\u2019un droit d\u2019acc\u00e8s, de retrait et de modification des donn\u00e9es \u00e0 caract\u00e8re personnel communiqu\u00e9es par le biais des cookies dans les conditions indiqu\u00e9es ci-dessus.<\/p><p>L\u2019utilisateur du Site de RC \u00c9v\u00e8nements est tenu de respecter les dispositions de la loi Informatique et libert\u00e9s du 6 janvier 1978 modifi\u00e9e dont la violation est passible de sanctions p\u00e9nales. Il doit notamment s\u2019abstenir, s\u2019agissant des informations nominatives auxquelles il acc\u00e8de, de toute collecte, de toute utilisation d\u00e9tourn\u00e9e, et d\u2019une mani\u00e8re g\u00e9n\u00e9rale, de tout acte susceptible de porter atteinte \u00e0 la vie priv\u00e9e ou \u00e0 la r\u00e9putation des personnes.<\/p><p>Vos donn\u00e9es seront conserv\u00e9es pour une dur\u00e9e moyenne de 36 mois .<\/p><p class=\"font_8\">Rc \u00e9v\u00e8nements est responsable des donn\u00e9es de son site et conform\u00e9ment \u00e0 l\u2019article 5 du r\u00e8glement europ\u00e9en 2016\/679 et de loi dite \u00ab\u00a0Informatique et Libert\u00e9s\u00a0\u00bb, nous nous engageons \u00e0 respecter les principes suivants pour la collecte et le traitement des donn\u00e9es personnelles des utilisateurs :<\/p><ul><li>Minimisation de la collecte et du traitement des donn\u00e9es\u00a0: seules les donn\u00e9es n\u00e9cessaires \u00e0 la bonne ex\u00e9cution des objectifs poursuivis par le site sont collect\u00e9es\u2009;<\/li><\/ul><ul class=\"font_8\"><li><p class=\"font_8\">Transparence\u00a0:\u00a0Les donn\u00e9es ne peuvent \u00eatre collect\u00e9es et trait\u00e9es qu\u2019avec le consentement de l\u2019utilisateur propri\u00e9taire des donn\u00e9es.\u00a0<\/p><\/li><li><p class=\"font_8\">Conservation des donn\u00e9es r\u00e9duites dans le temps\u00a0: les donn\u00e9es sont conserv\u00e9es pour une dur\u00e9e limit\u00e9e, dont l\u2019utilisateur est inform\u00e9.\u00a0<\/p><\/li><li><p class=\"font_8\">Int\u00e9grit\u00e9 et confidentialit\u00e9 des donn\u00e9es collect\u00e9es et trait\u00e9es\u00a0: le responsable du traitement des donn\u00e9es s\u2019engage \u00e0 garantir l\u2019int\u00e9grit\u00e9 et la confidentialit\u00e9 des donn\u00e9es collect\u00e9es.<\/p><\/li><\/ul><p align=\"JUSTIFY\">Conform\u00e9ment aux lois et r\u00e8glements applicables en mati\u00e8re de protection des donn\u00e9es personnelles, vous b\u00e9n\u00e9ficiez de droits relatifs \u00e0 vos donn\u00e9es :\u00a0<\/p><ul><li><p align=\"JUSTIFY\">Un droit d\u2019acc\u00e8s et d\u2019information\u00a0: vous avez le droit d\u2019\u00eatre inform\u00e9 de mani\u00e8re concise, transparente, intelligible et facilement accessible de la mani\u00e8re dont vos Donn\u00e9es sont trait\u00e9es.\u00a0<\/p><\/li><li><p align=\"JUSTIFY\">Un droit de rectification\u00a0: vous avez le droit d\u2019obtenir la rectification des Donn\u00e9es inexactes vous concernant ou de les compl\u00e9ter , en nous fournissant une d\u00e9claration compl\u00e9mentaire.\u00a0<\/p><\/li><\/ul><p>Les donn\u00e9es personnelles collect\u00e9es sur notre site \u00a0sont : Formulaire de contact, pr\u00e9nom, nom de famille, email, localisation approximative (ville, r\u00e9gion, pays), adresse IP, source de r\u00e9f\u00e9rencement\u00a0du site, statistiques de navigations, temps de navigation, pages consult\u00e9es, interactions avec le site, termes de recherche, mod\u00e8le d\u2019appareil utilis\u00e9, syst\u00e8me d\u2019exploitation de l\u2019appareil, navigateur, op\u00e9rateur internet.<\/p><p>Vos donn\u00e9es pourront \u00eatre transmises aux tiers suivants pour les raisons ci-dessous :\u00a0<\/p><ul><li>Google search (r\u00e9f\u00e9rencement moteur de recherche)\u00a0<\/li><li>Google analytics (mesure de l&rsquo;audience)\u00a0<\/li><li>Facebook manager (suivi de campagne s, taux d&rsquo;engagement et statistique de navigation)<\/li><li>Instagram (mesure du taux d&rsquo;engagement)<\/li><li>Nos collaborateurs en interne -prestataires \/ collaborateurs &#8211; (pour le bon \u00e9tablissement de votre \u00e9v\u00e8nement)<\/li><\/ul><p><strong>Conditions de modifications de la pr\u00e9sente politique de confidentialit\u00e9 :\u00a0<\/strong>Rc \u00e9v\u00e8nements, se r\u00e9serve le droit de modifier \u00e0 tout moment cette politique de confidentialit\u00e9 afin de garantir la conformit\u00e9 et le droit en vigueur. Pour toutes questions relatives \u00e0 la pr\u00e9sente politique et aux mentions l\u00e9gales ou pour toutes demandes concernant vos donn\u00e9es, vous pouvez nous contacter :<\/p><ul><li>Par mail : contact@rc-evenements.com<\/li><li>Par courrier : R\u00e9ception Cr\u00e9ation \u00c9v\u00e8nements &#8211; 103 rue de la Jarnigarni\u00e8re 44115 Basse-Goulaine\u00a0<\/li><\/ul>\t\t\t\t\t\t\t\t<\/div>\n\t\t\t\t\t<\/div>\n\t\t<\/div>\n\t\t\t\t\t<\/div>\n\t\t<\/section>\n\t\t\t\t<\/div>\n\t\t","protected":false},"excerpt":{"rendered":"<p>MENTIONS L\u00c9GALES &#038; POLITIQUE DE CONFIDENTIALIT\u00c9 Mentions l\u00e9gales R\u00e9ception cr\u00e9ation \u00e9v\u00e8nements\u00a0 SASU R\u00e9ception cr\u00e9ation Si\u00e8ge social et logistique : 103 rue de la Jarnigarni\u00e8re 44115 Basse-Goulaine SIRET : 489 801 613 RCS NANTES\u00a0 APE : 5621Z \u00a0 Cr\u00e9ation de site : Rc \u00e9v\u00e8nements\u00a0 H\u00e9bergeur : Domwest\u00a0 Responsable \u00e9ditorial : Jonathan Blanchard\u00a0 Droit de reproduction :\u00a0Ce [&hellip;]<\/p>\n","protected":false},"author":1,"featured_media":0,"parent":0,"menu_order":0,"comment_status":"closed","ping_status":"closed","template":"","meta":{"site-sidebar-layout":"no-sidebar","site-content-layout":"page-builder","ast-site-content-layout":"default","site-content-style":"default","site-sidebar-style":"default","ast-global-header-display":"","ast-banner-title-visibility":"","ast-main-header-display":"","ast-hfb-above-header-display":"","ast-hfb-below-header-display":"","ast-hfb-mobile-header-display":"","site-post-title":"disabled","ast-breadcrumbs-content":"","ast-featured-img":"disabled","footer-sml-layout":"","ast-disable-related-posts":"","theme-transparent-header-meta":"default","adv-header-id-meta":"","stick-header-meta":"","header-above-stick-meta":"","header-main-stick-meta":"","header-below-stick-meta":"","astra-migrate-meta-layouts":"default","ast-page-background-enabled":"default","ast-page-background-meta":{"desktop":{"background-color":"var(--ast-global-color-4)","background-image":"","background-repeat":"repeat","background-position":"center center","background-size":"auto","background-attachment":"scroll","background-type":"","background-media":"","overlay-type":"","overlay-color":"","overlay-opacity":"","overlay-gradient":""},"tablet":{"background-color":"","background-image":"","background-repeat":"repeat","background-position":"center center","background-size":"auto","background-attachment":"scroll","background-type":"","background-media":"","overlay-type":"","overlay-color":"","overlay-opacity":"","overlay-gradient":""},"mobile":{"background-color":"","background-image":"","background-repeat":"repeat","background-position":"center center","background-size":"auto","background-attachment":"scroll","background-type":"","background-media":"","overlay-type":"","overlay-color":"","overlay-opacity":"","overlay-gradient":""}},"ast-content-background-meta":{"desktop":{"background-color":"var(--ast-global-color-5)","background-image":"","background-repeat":"repeat","background-position":"center center","background-size":"auto","background-attachment":"scroll","background-type":"","background-media":"","overlay-type":"","overlay-color":"","overlay-opacity":"","overlay-gradient":""},"tablet":{"background-color":"var(--ast-global-color-5)","background-image":"","background-repeat":"repeat","background-position":"center center","background-size":"auto","background-attachment":"scroll","background-type":"","background-media":"","overlay-type":"","overlay-color":"","overlay-opacity":"","overlay-gradient":""},"mobile":{"background-color":"var(--ast-global-color-5)","background-image":"","background-repeat":"repeat","background-position":"center center","background-size":"auto","background-attachment":"scroll","background-type":"","background-media":"","overlay-type":"","overlay-color":"","overlay-opacity":"","overlay-gradient":""}},"footnotes":""},"class_list":["post-1642","page","type-page","status-publish","hentry"],"yoast_head":"<!-- This site is optimized with the Yoast SEO plugin v27.3 - https:\/\/yoast.com\/product\/yoast-seo-wordpress\/ -->\n<title>Rc \u00c9v\u00e8nements - Mentions l\u00e9gales &amp; politique de confidentialit\u00e9 -<\/title>\n<meta name=\"description\" content=\"D\u00e9tails de nos mentions l\u00e9gales et de notre politique de confidentialit\u00e9. Si vous souhaitez plus de renseignements contactez-nous.\" \/>\n<meta name=\"robots\" content=\"noindex, follow\" \/>\n<meta property=\"og:locale\" content=\"fr_FR\" \/>\n<meta property=\"og:type\" content=\"article\" \/>\n<meta property=\"og:title\" content=\"Rc \u00c9v\u00e8nements - Mentions l\u00e9gales &amp; politique de confidentialit\u00e9 -\" \/>\n<meta property=\"og:description\" content=\"D\u00e9tails de nos mentions l\u00e9gales et de notre politique de confidentialit\u00e9. Si vous souhaitez plus de renseignements contactez-nous.\" \/>\n<meta property=\"og:url\" content=\"https:\/\/www.rc-evenements.com\/?page_id=1642\" \/>\n<meta property=\"og:site_name\" content=\"RC \u00e9v\u00e8nements\" \/>\n<meta property=\"article:publisher\" content=\"https:\/\/www.facebook.com\/receptioncreationevents\" \/>\n<meta property=\"article:modified_time\" content=\"2021-08-31T10:36:31+00:00\" \/>\n<meta property=\"og:image\" content=\"https:\/\/www.rc-evenements.com\/wp-content\/uploads\/2025\/08\/Design-sans-titre-7.png\" \/>\n\t<meta property=\"og:image:width\" content=\"2560\" \/>\n\t<meta property=\"og:image:height\" content=\"1707\" \/>\n\t<meta property=\"og:image:type\" content=\"image\/png\" \/>\n<meta name=\"twitter:card\" content=\"summary_large_image\" \/>\n<meta name=\"twitter:label1\" content=\"Dur\u00e9e de lecture estim\u00e9e\" \/>\n\t<meta name=\"twitter:data1\" content=\"4 minutes\" \/>\n<script type=\"application\/ld+json\" class=\"yoast-schema-graph\">{\"@context\":\"https:\\\/\\\/schema.org\",\"@graph\":[{\"@type\":\"WebPage\",\"@id\":\"https:\\\/\\\/www.rc-evenements.com\\\/?page_id=1642\",\"url\":\"https:\\\/\\\/www.rc-evenements.com\\\/?page_id=1642\",\"name\":\"Rc \u00c9v\u00e8nements - Mentions l\u00e9gales & politique de confidentialit\u00e9 -\",\"isPartOf\":{\"@id\":\"https:\\\/\\\/www.rc-evenements.com\\\/#website\"},\"datePublished\":\"2021-04-29T22:20:47+00:00\",\"dateModified\":\"2021-08-31T10:36:31+00:00\",\"description\":\"D\u00e9tails de nos mentions l\u00e9gales et de notre politique de confidentialit\u00e9. Si vous souhaitez plus de renseignements contactez-nous.\",\"breadcrumb\":{\"@id\":\"https:\\\/\\\/www.rc-evenements.com\\\/?page_id=1642#breadcrumb\"},\"inLanguage\":\"fr-FR\",\"potentialAction\":[{\"@type\":\"ReadAction\",\"target\":[\"https:\\\/\\\/www.rc-evenements.com\\\/?page_id=1642\"]}]},{\"@type\":\"BreadcrumbList\",\"@id\":\"https:\\\/\\\/www.rc-evenements.com\\\/?page_id=1642#breadcrumb\",\"itemListElement\":[{\"@type\":\"ListItem\",\"position\":1,\"name\":\"Accueil\",\"item\":\"https:\\\/\\\/www.rc-evenements.com\\\/\"},{\"@type\":\"ListItem\",\"position\":2,\"name\":\"Mentions l\u00e9gales &#038; politique de confidentialit\u00e9\"}]},{\"@type\":\"WebSite\",\"@id\":\"https:\\\/\\\/www.rc-evenements.com\\\/#website\",\"url\":\"https:\\\/\\\/www.rc-evenements.com\\\/\",\"name\":\"RC \u00e9v\u00e8nements\",\"description\":\"RC \u00e9v\u00e8nements\",\"publisher\":{\"@id\":\"https:\\\/\\\/www.rc-evenements.com\\\/#organization\"},\"alternateName\":\"Traiteur d'\u00e9v\u00e8nements - NANTES et sa p\u00e9riph\u00e9rie\",\"potentialAction\":[{\"@type\":\"SearchAction\",\"target\":{\"@type\":\"EntryPoint\",\"urlTemplate\":\"https:\\\/\\\/www.rc-evenements.com\\\/?s={search_term_string}\"},\"query-input\":{\"@type\":\"PropertyValueSpecification\",\"valueRequired\":true,\"valueName\":\"search_term_string\"}}],\"inLanguage\":\"fr-FR\"},{\"@type\":\"Organization\",\"@id\":\"https:\\\/\\\/www.rc-evenements.com\\\/#organization\",\"name\":\"RC \u00c9v\u00e8nements\",\"alternateName\":\"Traiteur d'\u00e9v\u00e8nements - NANTES et sa p\u00e9riph\u00e9rie\",\"url\":\"https:\\\/\\\/www.rc-evenements.com\\\/\",\"logo\":{\"@type\":\"ImageObject\",\"inLanguage\":\"fr-FR\",\"@id\":\"https:\\\/\\\/www.rc-evenements.com\\\/#\\\/schema\\\/logo\\\/image\\\/\",\"url\":\"https:\\\/\\\/www.rc-evenements.com\\\/wp-content\\\/uploads\\\/2021\\\/02\\\/logo-rc-event-noir.jpg\",\"contentUrl\":\"https:\\\/\\\/www.rc-evenements.com\\\/wp-content\\\/uploads\\\/2021\\\/02\\\/logo-rc-event-noir.jpg\",\"width\":255,\"height\":170,\"caption\":\"RC \u00c9v\u00e8nements\"},\"image\":{\"@id\":\"https:\\\/\\\/www.rc-evenements.com\\\/#\\\/schema\\\/logo\\\/image\\\/\"},\"sameAs\":[\"https:\\\/\\\/www.facebook.com\\\/receptioncreationevents\",\"https:\\\/\\\/www.instagram.com\\\/receptioncreationeve\\\/\",\"https:\\\/\\\/www.linkedin.com\\\/company\\\/12648863\\\/admin\\\/\",\"https:\\\/\\\/www.youtube.com\\\/watch?v=5l7w5OGDqRQ\"]}]}<\/script>\n<!-- \/ Yoast SEO plugin. -->","yoast_head_json":{"title":"Rc \u00c9v\u00e8nements - Mentions l\u00e9gales & politique de confidentialit\u00e9 -","description":"D\u00e9tails de nos mentions l\u00e9gales et de notre politique de confidentialit\u00e9. Si vous souhaitez plus de renseignements contactez-nous.","robots":{"index":"noindex","follow":"follow"},"og_locale":"fr_FR","og_type":"article","og_title":"Rc \u00c9v\u00e8nements - Mentions l\u00e9gales & politique de confidentialit\u00e9 -","og_description":"D\u00e9tails de nos mentions l\u00e9gales et de notre politique de confidentialit\u00e9. Si vous souhaitez plus de renseignements contactez-nous.","og_url":"https:\/\/www.rc-evenements.com\/?page_id=1642","og_site_name":"RC \u00e9v\u00e8nements","article_publisher":"https:\/\/www.facebook.com\/receptioncreationevents","article_modified_time":"2021-08-31T10:36:31+00:00","og_image":[{"width":2560,"height":1707,"url":"https:\/\/www.rc-evenements.com\/wp-content\/uploads\/2025\/08\/Design-sans-titre-7.png","type":"image\/png"}],"twitter_card":"summary_large_image","twitter_misc":{"Dur\u00e9e de lecture estim\u00e9e":"4 minutes"},"schema":{"@context":"https:\/\/schema.org","@graph":[{"@type":"WebPage","@id":"https:\/\/www.rc-evenements.com\/?page_id=1642","url":"https:\/\/www.rc-evenements.com\/?page_id=1642","name":"Rc \u00c9v\u00e8nements - Mentions l\u00e9gales & politique de confidentialit\u00e9 -","isPartOf":{"@id":"https:\/\/www.rc-evenements.com\/#website"},"datePublished":"2021-04-29T22:20:47+00:00","dateModified":"2021-08-31T10:36:31+00:00","description":"D\u00e9tails de nos mentions l\u00e9gales et de notre politique de confidentialit\u00e9. Si vous souhaitez plus de renseignements contactez-nous.","breadcrumb":{"@id":"https:\/\/www.rc-evenements.com\/?page_id=1642#breadcrumb"},"inLanguage":"fr-FR","potentialAction":[{"@type":"ReadAction","target":["https:\/\/www.rc-evenements.com\/?page_id=1642"]}]},{"@type":"BreadcrumbList","@id":"https:\/\/www.rc-evenements.com\/?page_id=1642#breadcrumb","itemListElement":[{"@type":"ListItem","position":1,"name":"Accueil","item":"https:\/\/www.rc-evenements.com\/"},{"@type":"ListItem","position":2,"name":"Mentions l\u00e9gales &#038; politique de confidentialit\u00e9"}]},{"@type":"WebSite","@id":"https:\/\/www.rc-evenements.com\/#website","url":"https:\/\/www.rc-evenements.com\/","name":"RC \u00e9v\u00e8nements","description":"RC \u00e9v\u00e8nements","publisher":{"@id":"https:\/\/www.rc-evenements.com\/#organization"},"alternateName":"Traiteur d'\u00e9v\u00e8nements - NANTES et sa p\u00e9riph\u00e9rie","potentialAction":[{"@type":"SearchAction","target":{"@type":"EntryPoint","urlTemplate":"https:\/\/www.rc-evenements.com\/?s={search_term_string}"},"query-input":{"@type":"PropertyValueSpecification","valueRequired":true,"valueName":"search_term_string"}}],"inLanguage":"fr-FR"},{"@type":"Organization","@id":"https:\/\/www.rc-evenements.com\/#organization","name":"RC \u00c9v\u00e8nements","alternateName":"Traiteur d'\u00e9v\u00e8nements - NANTES et sa p\u00e9riph\u00e9rie","url":"https:\/\/www.rc-evenements.com\/","logo":{"@type":"ImageObject","inLanguage":"fr-FR","@id":"https:\/\/www.rc-evenements.com\/#\/schema\/logo\/image\/","url":"https:\/\/www.rc-evenements.com\/wp-content\/uploads\/2021\/02\/logo-rc-event-noir.jpg","contentUrl":"https:\/\/www.rc-evenements.com\/wp-content\/uploads\/2021\/02\/logo-rc-event-noir.jpg","width":255,"height":170,"caption":"RC \u00c9v\u00e8nements"},"image":{"@id":"https:\/\/www.rc-evenements.com\/#\/schema\/logo\/image\/"},"sameAs":["https:\/\/www.facebook.com\/receptioncreationevents","https:\/\/www.instagram.com\/receptioncreationeve\/","https:\/\/www.linkedin.com\/company\/12648863\/admin\/","https:\/\/www.youtube.com\/watch?v=5l7w5OGDqRQ"]}]}},"_links":{"self":[{"href":"https:\/\/www.rc-evenements.com\/index.php?rest_route=\/wp\/v2\/pages\/1642","targetHints":{"allow":["GET"]}}],"collection":[{"href":"https:\/\/www.rc-evenements.com\/index.php?rest_route=\/wp\/v2\/pages"}],"about":[{"href":"https:\/\/www.rc-evenements.com\/index.php?rest_route=\/wp\/v2\/types\/page"}],"author":[{"embeddable":true,"href":"https:\/\/www.rc-evenements.com\/index.php?rest_route=\/wp\/v2\/users\/1"}],"replies":[{"embeddable":true,"href":"https:\/\/www.rc-evenements.com\/index.php?rest_route=%2Fwp%2Fv2%2Fcomments&post=1642"}],"version-history":[{"count":25,"href":"https:\/\/www.rc-evenements.com\/index.php?rest_route=\/wp\/v2\/pages\/1642\/revisions"}],"predecessor-version":[{"id":2159,"href":"https:\/\/www.rc-evenements.com\/index.php?rest_route=\/wp\/v2\/pages\/1642\/revisions\/2159"}],"wp:attachment":[{"href":"https:\/\/www.rc-evenements.com\/index.php?rest_route=%2Fwp%2Fv2%2Fmedia&parent=1642"}],"curies":[{"name":"wp","href":"https:\/\/api.w.org\/{rel}","templated":true}]}}